{"id":592,"date":"2015-05-11T20:48:56","date_gmt":"2015-05-11T19:48:56","guid":{"rendered":"http:\/\/www.balestrieriassisi.com\/it\/?page_id=592"},"modified":"2023-05-25T11:19:55","modified_gmt":"2023-05-25T10:19:55","slug":"assisi-13-14-giugno-xxxi-campionato-nazionale-di-tiro-con-la-balestra","status":"publish","type":"page","link":"https:\/\/www.balestrieriassisi.it\/?page_id=592","title":{"rendered":"Campioni Italiani 2015"},"content":{"rendered":"\n<h2 class=\"wp-block-heading\"><strong>Assisi 13-14 Giugno XXXI\u00b0 Campionato Nazionale di Tiro con la Balestra<\/strong><\/h2>\n\n\n<h1 style=\"text-align: center;\"><em><strong><span style=\"color: #ff0000;\">La Compagnia&nbsp;Balestrieri di Assisi <\/span><\/strong><\/em><\/h1>\n<h1 style=\"text-align: center;\"><em><strong><span style=\"color: #ff0000;\">CAMPIONE&nbsp;D&#8217;ITALIA&nbsp;2015<\/span><\/strong><\/em><\/h1>\n<hr>\n<p style=\"text-align: justify;\">La Compagnia Balestrieri organizzer\u00e0 ad Assisi i prossimi XXXI\u00b0 Campionati Italiani di tiro con la Balestra.<\/p>\n<p style=\"text-align: justify;\">Il prologo della manifestazione ci sar\u00e0 <strong><span style=\"text-decoration: underline;\"><span style=\"color: #ff0000; text-decoration: underline;\">Domenica 17 Maggio<\/span><\/span><\/strong> alle ore 12.00 presso la &#8220;Sala della Conciliazione&#8221; in Piazza del Comune, dove, alla presenza dei presidenti e dei Maestri d&#8217;Arme delle Compagnie,&nbsp;verr\u00e0 presentato il programma dello svolgimento dei Campionati&nbsp;da parte del&nbsp;presidente LITAB insieme al presidente della Compagnia Balestrieri di Assisi.<\/p>\n<p><span style=\"text-decoration: underline; color: #ff0000;\"><strong>Sabato 13 Giugno<\/strong><\/span> alle 15.30 presso&nbsp;Piazza del Comune avr\u00e0 luogo il &#8220;Tiro del Campione&#8221; tra i 13 migliori Balestrieri e l&#8217;esibizione dei Gruppi&nbsp;delle Compagnie partecipanti.<\/p>\n<p><span style=\"text-decoration: underline; color: #ff0000;\"><strong>Domenica 14 Giugno<\/strong><\/span> si passa \u201calle armi\u201d per la disputa del Campionato che si svolger\u00e0 nell\u2019area&nbsp;attrezzata dell\u2019Istituto Serafico ubicato in Porta San Pietro ad Assisi. Si inizier\u00e0 alle ore 08:30 con il&nbsp;controllo delle balestre, a seguire tiri di prova.&nbsp;Alle 15,30 avr\u00e0 inizio la gara vera e propria che determiner\u00e0 la migliore squadra ed il miglior Balestriere 2015. I&nbsp;tiri termineranno entro le 19,00. A seguire con le&nbsp;premiazioni.<\/p>\n<p><span style=\"color: #ff0000;\"><strong>13 COMPAGNIE PARTECIPANTI<\/strong><\/span><\/p>\n<ul>\n<li>Assisi (PG)<\/li>\n<li>Pisa<\/li>\n<li>Terra del Sole (FC)<\/li>\n<li>1986 &#8211; Ventimiglia (IM)<\/li>\n<li>1987 &#8211; Roccapiatta (TO)<\/li>\n<li>1988 &#8211; Gualdo Tadino (PG)<\/li>\n<li>1994 &#8211; Lucca S. Paolino<\/li>\n<li>1995 &#8211; Norcia (PG)<\/li>\n<li>1998 &#8211; Volterra (PI)<\/li>\n<li>1999 &#8211; Amelia (TR)<\/li>\n<li>2001 &#8211; Iglesias (CA)<\/li>\n<li>2002 &#8211; Chioggia (VE)<\/li>\n<li>2012 &#8211; Montefalco (PG)<\/li>\n<\/ul>\n<p>Visualizza e Scarica il <a href=\"https:\/\/www.balestrieriassisi.it\/?attachment_id=602\" target=\"_blank\" rel=\"attachment noopener wp-att-602\">Depliant del XXXI\u00b0 Campionato Italiano di Tiro con la Balestra Antica<\/a><\/p>\n\n\n<p><\/p>\n","protected":false},"excerpt":{"rendered":"<p>Assisi 13-14 Giugno XXXI\u00b0 Campionato Nazionale di Tiro con la Balestra La Compagnia&nbsp;Balestrieri di Assisi CAMPIONE&nbsp;D&#8217;ITALIA&nbsp;2015 La Compagnia Balestrieri organizzer\u00e0 ad Assisi i prossimi XXXI\u00b0 Campionati Italiani di tiro con la Balestra. Il prologo della manifestazione ci sar\u00e0 Domenica 17 Maggio alle ore 12.00 presso la &#8220;Sala della Conciliazione&#8221; in Piazza del Comune, dove, alla &#8230; <a title=\"Campioni Italiani 2015\" class=\"read-more\" href=\"https:\/\/www.balestrieriassisi.it\/?page_id=592\" aria-label=\"Per saperne di pi\u00f9 su Campioni Italiani 2015\">Leggi tutto<\/a><\/p>\n","protected":false},"author":1,"featured_media":1194,"parent":56,"menu_order":3,"comment_status":"open","ping_status":"closed","template":"","meta":{"ngg_post_thumbnail":0,"footnotes":""},"class_list":["post-592","page","type-page","status-publish","has-post-thumbnail"],"_links":{"self":[{"href":"https:\/\/www.balestrieriassisi.it\/index.php?rest_route=\/wp\/v2\/pages\/592","targetHints":{"allow":["GET"]}}],"collection":[{"href":"https:\/\/www.balestrieriassisi.it\/index.php?rest_route=\/wp\/v2\/pages"}],"about":[{"href":"https:\/\/www.balestrieriassisi.it\/index.php?rest_route=\/wp\/v2\/types\/page"}],"author":[{"embeddable":true,"href":"https:\/\/www.balestrieriassisi.it\/index.php?rest_route=\/wp\/v2\/users\/1"}],"replies":[{"embeddable":true,"href":"https:\/\/www.balestrieriassisi.it\/index.php?rest_route=%2Fwp%2Fv2%2Fcomments&post=592"}],"version-history":[{"count":9,"href":"https:\/\/www.balestrieriassisi.it\/index.php?rest_route=\/wp\/v2\/pages\/592\/revisions"}],"predecessor-version":[{"id":1323,"href":"https:\/\/www.balestrieriassisi.it\/index.php?rest_route=\/wp\/v2\/pages\/592\/revisions\/1323"}],"up":[{"embeddable":true,"href":"https:\/\/www.balestrieriassisi.it\/index.php?rest_route=\/wp\/v2\/pages\/56"}],"wp:featuredmedia":[{"embeddable":true,"href":"https:\/\/www.balestrieriassisi.it\/index.php?rest_route=\/wp\/v2\/media\/1194"}],"wp:attachment":[{"href":"https:\/\/www.balestrieriassisi.it\/index.php?rest_route=%2Fwp%2Fv2%2Fmedia&parent=592"}],"curies":[{"name":"wp","href":"https:\/\/api.w.org\/{rel}","templated":true}]}}