{"id":43,"date":"2010-11-14T23:25:19","date_gmt":"2010-11-14T22:25:19","guid":{"rendered":"http:\/\/www.lolloweb.com\/balestrieriassisi\/?page_id=43"},"modified":"2025-12-02T22:47:54","modified_gmt":"2025-12-02T21:47:54","slug":"archivio-storico","status":"publish","type":"page","link":"https:\/\/www.balestrieriassisi.it\/?page_id=43","title":{"rendered":"Archivio Storico"},"content":{"rendered":"<h2><span style=\"color: #003366;\">Dal 1100 al 1300<\/span><\/h2>\n<p><em><strong><span style=\"color: #993300;\">a. 1112.<\/span><\/strong><\/em> Esistevano truppe cittadine di balestrieri. Il cittadino soldato, al suono a stormo della campana della torre del popolo, doveva essere armato in un punto prestabilito che normalmente coincideva con le ampie aree prossime alle 5 porte e l\u2019 attendere ordini.<\/p>\n<p><!--more--><\/p>\n<h2><span style=\"color: #003366;\">Dal 1300 al 1400<\/span><\/h2>\n<p><em><strong><span style=\"color: #993300;\">1319.VI.29<br><\/span><\/strong><\/em>Il not. Franciscus Ferri de Asisio trascrive alcune rubriche degli statuti di Assisi per autorit\u00e0 di d. Corradi de Monterubiano iudicis et assessoris Cecchi de s. Elpidio hon. capitanei.<\/p>\n<p><em>Item, statuimus et ordinamus quod nulla persona audeat cum aliquo arco vel balistra sagittare nec franda ronbolare sive palloctare cum arcu in ecclesia s. Francisci nec in platea vel domibus aut in circunstantiis dicte acclesie, nec lapides cum manu in dicta ecclesia prohycere vel ad ipsam ecclesiam vel versus eam, cum ex predictis possit fieri lexio in fenestris vitriis dicte ecclesie. Et idem servetur in ecclesia s. Clare.<\/em><\/p>\n<p><!--more--><\/p>\n<p><em><strong><span style=\"color: #993300;\">a.1362.V.2 A.s.St. v1 41 ff 3r-5r<\/span><\/strong><\/em> dall\u2019invent. di un defunto\u2026\u2026una mazza di ferro, due bastoni di ferro, due elmi, tre pavesi et uno scudetto, due spade\u2026.<\/p>\n<p><span style=\"color: #993300;\"><em><strong>a.1365.VI.20 Cn P3 ff 6r-7r<\/strong><\/em><\/span> La Curia Romana chiede balestrieri e pavesari al Comune di Assisi da inviare in aiuto del Duca di Spoleto contro Anechino Baumgarthen. Vennero inviati due connestabili con 21 uomini a cavallo.<\/p>\n<p><span style=\"color: #993300;\"><em><strong>a.1367.<\/strong><\/em><\/span> La Rocca Minore venne fatta costruire dall\u2019Albornoz. Intorno alla Rocca vi era un rivellino, cio\u00e8 un muraglione molto robusto, munito di feritoie e merlature atte alla difesa.<\/p>\n<p><em><strong><span style=\"color: #993300;\">a.1369.<\/span><\/strong><\/em> Inventario a casa di un defunto\u2026.anchy uno balestro colle baldriere\u2026A.s.Stef.iv 1332<\/p>\n<p><span style=\"color: #993300;\"><em><strong>a.1376.VI.29 Cn P3f75 r<\/strong><\/em><\/span> E\u2019 rimborsato Oddone Baglioni per il saccheggio del suo palazzo a Petrignano tra cui per le balestre ed altre armi.<\/p>\n<p><span style=\"color: #993300;\"><em><strong>a.1393<\/strong><\/em><\/span> e per tutti gli anni seguenti esclusi quelli in cui si combatteva, fino all\u2019anno 1477, si hanno le spese per la festa di Pentecoste in Piazza s. Francesco.<\/p>\n<p><em><strong><span style=\"color: #993300;\">a.1399.III.20<\/span><\/strong><\/em> Il Broglia di Trino, signore di Assisi, invi\u00f2 un rinforzo di balestrieri al castello di Poggio Morico per salvarlo dai ripetuti assalti dei fuoriusciti fautori di Coccolino Michelotti. A Cn H3-4 f 13 v<!--more--><\/p>\n<h2><span style=\"color: #000080;\">Dal 1400 al 1500<\/span><\/h2>\n<p><em><strong><span style=\"color: #993300;\">a.1424.XI.14 A.Not.Bx f 114<\/span><\/strong><\/em> Inventario alla Rocca Maggiore: 2 banchi per caricare le balestre con ranchittis, sette baliste ligate alla genovese, quattro cassette piene di berrettoni, un arco di osso con 22 frecce. Alla Rocca Minore: quattro casse piene di verrette e verrettoni di una cassa senza cassa, quattro tenieri con un arcone.<\/p>\n<p><span style=\"color: #993300;\"><em><strong>a.1426.XII.11 A.Not.C9b f 268r<\/strong><\/em><\/span> Il mastro delle balestre Polo da Venezia fa da testimone ad un atto notarile\u2026.<\/p>\n<p><span style=\"color: #993300;\"><em><strong>a.1453.VIII.22 A.Not.D26<\/strong><\/em><\/span> Inventario Rocca Maggiore: 11 balestre salde e buone, 3 balestre rotte, 6 molinelli per le balestre, 1 cassa grande di berrettoni, 1 cassa grande di berrettoni senza ferri, 40 mazzi di berrettoni ferrati ed acconci, 14 gavette di filato per fare corde da balestra, 1 banco per caricare le balestre rimesso a nuovo.<\/p>\n<p>Colomba bianca o Sagra di s. Rufino. Dal 1383.V.12 ininterrottamente al 1524.VIII.11 spese per l\u2019acquisto di una o pi\u00f9 colombe bianche per la sagra di s. Rufino.<\/p>\n<p><span style=\"color: #993300;\"><em><strong>a.1455.<\/strong><\/em><\/span> in Arch.stor.Ital.VI.III pg 143 tre balestre grosse senza noce, 10 balestre di cui una rotta, 2 tenieri da balestra, 2 banchi per caricare balestre, 40 gavette di filo di fiandra per fare corde da balestra, 2 molinelli per caricare le balestre, 2 casse grandi di berrettoni per balestre da banco e balestre da piedi. Al nuovo invent.1 balestra con corde e mastracorde, 2 tenieri per balestre piccole, 2 balestre da piede, 2 balestre da mulinello con gli archi rotti, 5 casse grandi di berrettoni senza ferri, 1 banco per caricare, 1 tavola per appiccare balestre con 10 chiodi grossi, 50 gavette di filo di fiandra per fare corde da balestre, 8 partigiane.<\/p>\n<p><em><strong><span style=\"color: #993300;\">a.1458.VI.25<\/span><\/strong><\/em> Bolletta di pagamento per l\u2019acquisto di una balestra comperata a Perugina per saettare per la festa di Pentecoste. Bolletta di pagamento per mastro Vangelista da Gubbio perch\u00e9 fece con legno suo una certa rotella sulla quale si saetta e per la fornitura di una balestra per il giorno della festa di Pasqua Rosa, che verr\u00e0 data al vincitore della gara. A.Cn. H14 f 209 r 211 r<\/p>\n<p><em><strong><span style=\"color: #993300;\">a.1460.VI.30<\/span><\/strong><\/em> Per acquisto di una balestra per gareggiare nel giorno di Pasqua Rosa. Per far dipingere il targone dal pittore Pier Antonio Mesastris da Foligno. A.Cn H 16 f 236r<\/p>\n<p><span style=\"color: #993300;\"><em><strong>a.1462.VI.11<\/strong><\/em><\/span> Bolletta di pagamento per il mastro Cristoforo di don Zaccaria per pittura di un targone. A.Cn.H 16 f 262 v<\/p>\n<p><span style=\"color: #993300;\"><em><strong>a.1463.VI.25<\/strong><\/em><\/span> E\u2019 pagato mastro Alessandro Piato che ha dipinto un targone. A.Cn.H 10\/3 fasc.28<\/p>\n<p><span style=\"color: #993300;\"><em><strong>a.1470.VI.10<\/strong><\/em><\/span> E\u2019 pagato il pittore Cristoforo di Gaspare, vasaio, per la pittura di una rotella per sagittare. A.Cn.f612.H18<\/p>\n<p><span style=\"color: #993300;\"><em><strong>a.1472.X.21<\/strong><\/em><\/span> Appalto per la riparazione delle mura esterne con le aperture per le balestre sotto l\u2019orto di Santa Chiara. A.Cn. H18 f 244 r<\/p>\n<p><span style=\"color: #993300;\"><em><strong>a.1473.V.30<\/strong><\/em><\/span> Mons.Pietatis v1 1 reg.pegni f 30 r Berardino di Antonio del fornaio a d\u00ec 30 de magio per bolletta de Marco offitiale di pigni have in presto di denari del Monte sopra una balestra de acciaio, bol.8. Berardino sopra dicto ad\u00ec 12 de magio 1474 rend\u00ec dicto presto bol.8 et per provisione pag\u00f2 bol.doi (due).<\/p>\n<p><span style=\"color: #993300;\"><em><strong>a.1477.IV.24<\/strong><\/em><\/span> Su mandato di Urbano Vegerio, vice tesoriere di Perugina e di Assisi, etc. venne bandito pubblicamente sotto pena di una multa di 10 fiorini, che nessuno giochi in s. Francesco, a qualsiasi gioco, che sia permesso o no, nelle pertinenze della chiesa, del convento e nelle due piazze. Cn H 18 f 40<\/p>\n<p><span style=\"color: #993300;\"><em><strong>a.1482.I.28 A.Not.C 23<\/strong><\/em><\/span> In parte l\u2019inventario riguarda armi da sparo. Inoltre 8 gavette di filo per fare corde da balestra, 1 banco per caricare balestre, 4 balestre d\u2019acciaio, 31 balestre di legno concione, 2 balestre mancanti di noce, 3 molinelli per caricare, 1 molinello montato su ruote, 4 balestre d\u2019acciaio in ordine, 240 verrettoni anastati, 7 balestre d\u2019acciaio complete, 4 lb. Di filo per corde da balestre.<\/p>\n<p><span style=\"color: #993300;\"><em><strong>a.1490.III.28<\/strong><\/em><\/span> Riparazioni alla balestriera tra la Rocca Min. ed il Torrione di s. Antonio. Cn H23\/1 f 4r<\/p>\n<p><span style=\"color: #993300;\"><em><strong>a.1493.I.30<\/strong><\/em><\/span> Rifatta la porta della stalla in casa di Averardo dei Nepis dove sono i cavalli dei balestrieri. A.Cn.P6 f 143 r<\/p>\n<p><span style=\"color: #993300;\"><em><strong>a.1495.IX.4<\/strong><\/em><\/span> Lettera ai Priori\u2026.omissis\u2026. So stato a Palazzo da domenica in qua solo per farvi fortificare il castello et far refare settime et altre arme da offendere et da difendere. Et ho trovato essere state poste baliste corazzine, rotelle, etc\u2026.<!--more--><\/p>\n<h2><span style=\"color: #000080;\">Dal 1500 al 1600<\/span><\/h2>\n<p><em><strong><span style=\"color: #993300;\">a.1530VI.1<\/span><\/strong><\/em> Nell\u2019inventario delle cose del defunto medico Galasso del mastro Giovanni di Benciveni\u2026..un ferro da medico per togliere i berrettoni. A.Not. D 26 ff 21 r 33 v.<\/p>\n<p><span style=\"color: #993300;\"><em><strong>a.1532.III.6<\/strong><\/em><\/span> Venne regolarmente istituita una Compagnia di Balestrieri col nome ufficiale di \u201cLudus balistrae\u201d. Questa Compagnia perseguiva lo scopo dell\u2019esercitazione sull\u2019uso dell\u2019arma, del passatempo e della coesione del gruppo, poich\u00e9 riuniva in un\u2019unica associazione i balestrieri che esercitavano in citt\u00e0 e nel contado col nome delle 5 porte della citt\u00e0: Porta s. Francesco, Porta S. Giacomo, Porta Perlici, Porta San Rufino, Porta S. Chiara.<\/p>\n<p><em><span style=\"color: #993300;\"><strong>Li balestranti scripti ad\u00ec 26 de magio 1539.<\/strong><br><\/span><\/em>(La seguente documentazione inizia dall\u2019anno 1539 ed \u00e8 contenuta in un libretto manoscritto dell\u2019Archivio Comunale e riguarda il comportamento dei balestrieri durante lo svolgimento della gara, gestita dal Comune).<\/p>\n<p><strong>Sopto l\u2019infrascritti capitoli modi et condizioni VII.<br><\/strong>sotto (vi sono) gli infrascritti capitoli, modi e condizioni VII<br><em><strong>I &#8211; In prima che tucti quelli che vogliono essere de el dicto numero debiano farse scrivere de mano del Camerario et pagar doi bol. pro homo per la redemptione de le verette.<br><\/strong><\/em>prima di tutto quelli che vogliono essere del detto numero (dei tiratori) debbono farsi iscrivere per mano del Camerario e pagare due bolognini a testa per la restituzione delle verrette<br><em><strong>II &#8211; Item dicto che quello che ser\u00e0 pi\u00f9 apresso al segno de mezzo haver\u00e0 un panno alto bianco quanto un paro de calze et non pi\u00f9.<\/strong><\/em><br>cos\u00ec quello che colpir\u00e0 pi\u00f9 vicino al segno del centro avr\u00e0 (in premio) panno bianco alto quanto un paio di calze e non di pi\u00f9<br><em><strong>III &#8211; Item che quello che obtener\u00e0 el secondo loco pi\u00f9 apresso al segno de mezzo guadagnar\u00e0 lo detto versaglio con tucte le polse o due verette che haranno toche le versaglie.<\/strong><\/em><\/p>\n<p>cos\u00ec quello che otterr\u00e0 il secondo posto pi\u00f9 vicino al segno del centro guadagner\u00e0 il detto bersaglio con tutte le polse oppure due verrette che avranno toccato il bersaglio<br><em><strong>IV &#8211; Item che tucte le verette che non haranno toccate le dette versaglie siano de la universit\u00e0 per la Comunit\u00e0 Assisi occorrenze.<br><\/strong><\/em>cos\u00ec tutte le verrette che non avranno toccato i detti bersagli andranno a favore della universit\u00e0 per le occorrenze della Comunit\ufffd<br><em><strong>V &#8211; Item se dicte verette non bastassero per le spese occurenti che el resto se lieve de la entrata de le altre verette.<br>cos\u00ec se dette verrette non bastassero per le spese occorrenti, quello che manca si prenda dalla entrata delle altre verrette<\/strong><\/em><br><em><strong>VI &#8211; Item che quelli che hanno le balestre grosse seranno li primi a tirare de cavarse a sorte et ad fare sotto una coperta de misura del Consiglio.<\/strong><\/em><br>cos\u00ec quelli che hanno le balestre grosse saranno i primi a tirare a sorteggio fatto fare sotto una coperta su responsabilit\u00e0 del Consiglio<br><em><strong>VII &#8211; Item che dopo quelli tirano le altre balestre minori a sorte come di sopra.<br>cos\u00ec, dopo quelli, tirano le altre balestre minori a sorteggio come di sopra<\/strong><\/em><\/p>\n<p><span style=\"color: #993300;\"><em><strong>Ad\u00ec 6 de giugno 1541.<\/strong><\/em><\/span><\/p>\n<p>Qui de sotto se scriveranno tucti quelli che tenteranno al palio come li capitoli solliti facti apparono nel principio del presente libretto declamando che tucte le verette no toccarano la rotella siano de li famigli de palazzo<\/p>\n<p><span style=\"color: #993300;\"><em><strong>a.1542<\/strong><\/em><\/span> Il nuovo governatore Giovanni Andrea Cruciani, al fine di sedare le lotte di parte, ridivise la citt\u00e0 in Terzieri che si chiamarono di San Francesco, di san Rufino e di Dive Marie.<\/p>\n<p><em><strong><span style=\"color: #993300;\">Ad\u00ec 11 de giugno 1542<\/span><\/strong><\/em>.<\/p>\n<p>Qui de sotto se scriveranno tucti quelli tiraranno al palio come li capitoli solliti\u2026.declamando che tucte le verette no toccarano la rotella seranno de li famigli de palazzo.<\/p>\n<p><!--more--><\/p>\n<h2><span style=\"color: #000080;\">Dal 1600 al 1700<\/span><\/h2>\n<p><span style=\"color: #993300;\"><em><strong>a.1622<\/strong><\/em><\/span> Lettera a Gubbio<\/p>\n\n\n<!-- Inizio Codice ShinyStat -->\n<script src=\"\/\/codice.shinystat.com\/cgi-bin\/getcod.cgi?USER=SS-53883509-f8abf\"><\/script>\n<noscript>\n<a href=\"https:\/\/www.shinystat.com\/it\/\" target=\"_top\">\n<img decoding=\"async\" src=\"\/\/www.shinystat.com\/cgi-bin\/shinystat.cgi?USER=SS-53883509-f8abf\" alt=\"Statistiche web\" style=\"border:0px\" \/><\/a>\n<\/noscript>\n<!-- Fine Codice ShinyStat -->\n\n","protected":false},"excerpt":{"rendered":"<p>Dal 1100 al 1300 a. 1112. Esistevano truppe cittadine di balestrieri. Il cittadino soldato, al suono a stormo della campana della torre del popolo, doveva essere armato in un punto prestabilito che normalmente coincideva con le ampie aree prossime alle 5 porte e l\u2019 attendere ordini.<\/p>\n","protected":false},"author":1,"featured_media":0,"parent":4,"menu_order":3,"comment_status":"open","ping_status":"closed","template":"","meta":{"ngg_post_thumbnail":0,"footnotes":""},"class_list":["post-43","page","type-page","status-publish"],"_links":{"self":[{"href":"https:\/\/www.balestrieriassisi.it\/index.php?rest_route=\/wp\/v2\/pages\/43","targetHints":{"allow":["GET"]}}],"collection":[{"href":"https:\/\/www.balestrieriassisi.it\/index.php?rest_route=\/wp\/v2\/pages"}],"about":[{"href":"https:\/\/www.balestrieriassisi.it\/index.php?rest_route=\/wp\/v2\/types\/page"}],"author":[{"embeddable":true,"href":"https:\/\/www.balestrieriassisi.it\/index.php?rest_route=\/wp\/v2\/users\/1"}],"replies":[{"embeddable":true,"href":"https:\/\/www.balestrieriassisi.it\/index.php?rest_route=%2Fwp%2Fv2%2Fcomments&post=43"}],"version-history":[{"count":4,"href":"https:\/\/www.balestrieriassisi.it\/index.php?rest_route=\/wp\/v2\/pages\/43\/revisions"}],"predecessor-version":[{"id":4525,"href":"https:\/\/www.balestrieriassisi.it\/index.php?rest_route=\/wp\/v2\/pages\/43\/revisions\/4525"}],"up":[{"embeddable":true,"href":"https:\/\/www.balestrieriassisi.it\/index.php?rest_route=\/wp\/v2\/pages\/4"}],"wp:attachment":[{"href":"https:\/\/www.balestrieriassisi.it\/index.php?rest_route=%2Fwp%2Fv2%2Fmedia&parent=43"}],"curies":[{"name":"wp","href":"https:\/\/api.w.org\/{rel}","templated":true}]}}